4*i + i**n + 7. Determine u(y).
-2
Let g(x) = -2*x + 6. Let i(v) = -v**3 + 8*v**2 + 8*v + 4. Let m be i(9). Let t(s) = 2*s - 5. Let y = -21 - -17. Let q(c) = m*t(c) + y*g(c). What is q(-1)?
3
Let d(f) = -51*f**2 - 12*f - 8. Let z(n) = -61*n**2 - 13*n - 11. Let q(h) = -6*d(h) + 5*z(h). What is q(-8)?
1
Suppose -10*j + 154 = -166. Let v(r) = 2 - 30*r - 1 + 61*r - j*r - 4. Suppose 4*h + f + 18 = 0, h - 1 = -2*f - 2. Determine v(h).
2
Suppose 336 - 334 = -z. Let s(x) = 4*x**3 + 8*x**2 + 4*x. Determine s(z).
-8
Suppose 28*n - 24*n - 5*y - 194 = 0, -5*n + 4*y = -229. Let h(f) = 8*f - 322. Calculate h(n).
6
Let d(g) = -5*g**2 - 2*g + 1. Let t be 60/(2 + 4) - 12/2. What is d(t)?
-87
Let h(q) = 8*q**2 + 30*q - 1. Let u(l) = 124*l - 10171. Let v be u(82). What is h(v)?
-19
Let v be (4/10)/((-18)/(-585))*1*-2. Let k(i) = -i**3 - 27*i**2 - 23*i + 70. Determine k(v).
-8
Let k(a) = -a**2 - 17*a - 1. Suppose 101*d + 2058 = -2*d - 44*d. What is k(d)?
41
Let u(w) = -822*w - 36 + 813*w + 112. Calculate u(8).
4
Let q(c) = 6*c**2 + 1. Let y be q(-1). Let p(f) = -5 - 1 - 20*f + y*f + 10*f. Determine p(-4).
6
Let z(v) = -13*v**3 + v**2 + 4*v - 1. Let d(o) be the first derivative of -o**4/2 + o**2/2 - o - 271. Let g(s) = 2*d(s) - z(s). Let f = -1 + 0. What is g(f)?
-9
Let h(k) = -15*k**3 + 2*k - 7. Let z(b) = -7*b**3 + b - 3. Let q(t) = 2*h(t) - 5*z(t). Let a be 7/(-5) + (-1440)/(-600). What is q(a)?
5
Let x(q) = -q**2 + 32*q + 7. Suppose -552*w + 484*w = 0. Calculate x(w).
7
Let b = 6505 + -6495. Let n(t) = -2*t + 11. Let q(l) = 4*l - 23. Let f(p) = 9*n(p) + 4*q(p). Determine f(b).
-13
Let u(n) = -2*n**3 + 3*n**2 - 2*n + 3. Suppose -t = 4*i + 5, 4*t + 10 = 2*i - 10. Suppose -l - 3*q - 10 = i, 5*q = -5*l - 0*q - 10. What is u(l)?
-5
Suppose 380 = -78*i - 244. Let r(m) = -20*m - 155. What is r(i)?
5
Suppose -66*q = -50*q - 112. Suppose q*u - 46 = 10. Let f(i) = i**3 - 9*i**2 + 7*i + 3. Calculate f(u).
-5
Let a(d) = -6*d**2 - 8*d**2 + 18*d - 8 + 23*d**2 - 8*d**2 - 3*d**2. What is a(8)?
8
Let w be (10 - 7) + 884/52. Let j(c) be the first derivative of -1/3*c**3 + w - 2*c**2 - 2*c. Determine j(-3).
1
Let f(t) be the first derivative of 5/2*t**2 - 169 - t**3 - 1/4*t**4 - 2*t. What is f(-4)?
-6
Let s(o) = -629442*o + 29 - 82 - 22 + 629482*o. Give s(2).
5
Let c(l) = 4*l - 42. Suppose -8517 = 4*d - 8557. Calculate c(d).
-2
Let h(z) = -2*z**2 + 6*z + 22. Let r be h(5). Let d(o) = o**2 - 5*o**2 - 17*o**3 - o + 1 - o**r + 4*o**2. Calculate d(1).
-18
Let r(f) be the third derivative of -f**5/60 - 3*f**4/8 + 2*f**3/3 + 89*f**2 + 7*f. Give r(-10).
-6
Let k(v) be the third derivative of v**4/12 + v**3/3 + 135*v**2. Let w = 43 + -44. Calculate k(w).
0
Let x(p) = -12*p + 1. Suppose 0 = -12*k + 7*k - 10. Let s be -2*k/12*3. Give x(s).
-11
Let k(s) = -31 - 26 - 3*s**3 + 5*s**3 - 44*s**2 - 66*s + 68*s + 10. Give k(22).
-3
Let k(s) = -s**3 + 4*s**2 + s + 95. Let u(m) = -m**2 + 13. Let w(i) = k(i) - 5*u(i). Give w(9).
39
Suppose 45 = 11*q + 4*q. Suppose -s - 1 = -r - q, 0 = s + 5*r - 8. Suppose -s*x - 2 + 14 = -c, 2*x + 4*c - 22 = 0. Let v(w) = -2*w - 6. Calculate v(x).
-16
Let h = 205 - 205. Let z be (-3)/1*(-11 - (h + -10)). Let m(p) = -p**3 - p**2 + p. Let x(j) = 6*j**3 + 3*j**2 - 10*j + 4. Let f(y) = 5*m(y) + x(y). Give f(z).
-2
Let p = -21 - -29. Let k(r) = 2*r - 19. Let n(l) = 3*l - 22. Let w(t) = -2*k(t) + n(t). Give w(p).
8
Let h(o) = 2*o**2 + 79*o - 79. Let n be h(1). Let c(z) = z**3 + 2*z**2 - 7*z + 5. Calculate c(n).
7
Let g(t) = 5*t**2 - 14*t - 6. Let b(p) = -p**2 + p + 2. Let w(s) = 6*b(s) + g(s). Determine w(0).
6
Let u be (-121446)/306 - -4*2/(-68). Let b = u - -406. Let o(h) = -4*h + 2. Calculate o(b).
-34
Suppose h = -4*h + 25. Let l = 795 + -793. Let q(x) = 3 + 2*x + 3*x - 2 - 78*x**2 - 88*x**2 + 165*x**l. What is q(h)?
1
Let u(o) be the second derivative of o**5/60 + 5*o**4/12 + 5*o**3/6 - 9*o**2 + o + 11. Let z(t) be the first derivative of u(t). Calculate z(-10).
5
Let z = 2896 + -2898. Let h(g) be the third derivative of -7*g**5/60 - g**4/24 - 2*g**2 - 19*g. Determine h(z).
-26
Let w(y) = 2*y - 112. Let t(r) = 10*r - 504. Let o(k) = 2*t(k) - 9*w(k). Let j(c) = c - 5. Let a be j(4). Give o(a).
-2
Let i(u) be the second derivative of -u**5/120 + u**4/6 - 71*u**3/6 + 3*u - 1. Let j(w) be the second derivative of i(w). What is j(3)?
1
Suppose 0 = 55*w - 52*w - 2*k + 8, -2*w = 3*k + 14. Let r(x) = 2*x + 26. Give r(w).
18
Let n(x) = x**3 - 14*x**2 + 34*x - 14. Suppose 321*q = -2*o + 326*q - 3, 50 = 5*o - q. Calculate n(o).
-3
Let m(l) = 4*l**2 + l. Let h = 779 - 776. What is m(h)?
39
Let i(g) be the first derivative of 2*g**3/3 + 5*g**2/2 - 10*g - 1742. Determine i(4).
42
Let r be 4/(-5)*(-1 - 4). Let h(p) = -108*p - 4*p**2 + 118*p - p**2 + 4*p**2 + r. What is h(11)?
-7
Suppose 3*u + 112 = 7*u. Suppose -u*a = -24*a - 412. Let j = a + -104. Let t(r) = -5*r**3 + 2*r + 1. Give t(j).
4
Suppose -393*n = -4*o - 388*n + 27, 0 = -4*n - 28. Let u(h) = -15*h**3 - 3*h**2 - 5*h - 7. Determine u(o).
111
Let c(x) = -3*x**3 - 12*x**2 - 5*x + 1. Let s be (0 + 3 - 3/2)/(17/(-34)). Calculate c(s).
-11
Let d(o) be the first derivative of -o**3/3 + 4*o**2 - 8*o + 5. Let g = -2339 + 2348. Calculate d(g).
-17
Let r(w) = w**2 - 13*w - 11. Let m(x) = -x**2 + 13*x + 8. Let b(u) = -4*m(u) - 5*r(u). Calculate b(13).
23
Let q(t) be the third derivative of -t**6/120 + t**5/20 + t**4/8 - 7*t**3/6 + t**2. Let v(c) = c**3 - 23*c**2 - 5*c + 3. Let z be v(0). Calculate q(z).
2
Let r(x) = 9166*x**3 - 1 - 4584*x**3 - 2*x**2 + 2*x**2 - 4575*x**3 + x**2. Give r(2).
59
Let c(u) = 2*u**2 - 10*u - 4. Let t(s) = -3*s - 1. Let b(j) = -2*c(j) + 7*t(j). Let i = 57 - 59. What is b(i)?
-13
Let q(d) be the first derivative of -d**2/2 - 40*d - 253. Calculate q(-31).
-9
Let m(l) = 4*l - 48. Let v be (5/(-1) - -13) + 4. Calculate m(v).
0
Let b(a) be the first derivative of -a**3/3 - 3*a**2 - 6*a - 2. Let j(l) = -l**2 + 83*l - 1384. Let h be j(60). Determine b(h).
2
Suppose -5*x + 15 + 9 = 2*a, -5*a = 2*x - 18. Suppose -8*y = -12*y - x. Let q(c) = 2*c - 5*c + 6*c - c. Calculate q(y).
-2
Let c(a) = 11*a**3 + 53*a**2 + 11*a + 1. Let v(z) = -14*z**3 - 64*z**2 - 12*z - 2. Let j(t) = 6*c(t) + 5*v(t). Give j(1).
-4
Suppose -430*x - 1146 = 143*x. Let y(p) = -18*p - 19. What is y(x)?
17
Let y(t) = -t**2 + 22*t + 369. Let s = 20856 + -20823. What is y(s)?
6
Suppose -7*v + 106 = -3*n, 74 = -2*n - n - v. Suppose -5*c - 105 = -270. Let t = c + n. Let f(y) = y**2 - 8*y - 2. Determine f(t).
-9
Let a(x) = -65*x**3 - 259*x**2 - 61*x + 152. Let o(t) = -23*t**3 - 90*t**2 - 20*t + 51. Let q(p) = -6*a(p) + 17*o(p). Determine q(25).
-20
Let f(h) = 27*h + 267. Let u be ((-40)/18)/(-9*(-24)/972). Calculate f(u).
-3
Let m(x) = -x**3 - 14*x**2 + 55*x + 72. Suppose -2275*a - 64 = -2321*a - 846. Give m(a).
4
Suppose 5 = -2*f + f + 3*u, -5*f + 11 = -3*u. Let b be ((-7)/21 + f)*-3. Let a(h) = -h**3 - 11*h**2 + 1. Determine a(b).
1
Suppose -2*z + 8 = 0, 4*d + 0*z + 12 = 5*z. Let t(i) = -3*i**2 + 5*i. Let o be t(d). Let m(q) = 4*q - 2. Give m(o).
-10
Let j(m) = m**2 - 10*m - 5. Let o = 9951 - 9940. Calculate j(o).
6
Let s(n) = 33*n. Let c be s(1). Let l = 49 - c. Let u(d) = -l - d + 1 + 4. What is u(-10)?
-1
Let d be (-8)/20*(14 - -1). Let r(x) be the first derivative of -7/2*x**2 - 8*x + 50 - 1/3*x**3. Calculate r(d).
-2
Suppose 5*g = 5*d - 10, 2*g = -2*g + 5*d - 9. Let j be (1 - (2 + 0))*g. Let m(o) = -11*o - 6 + 13*o - 3 + j. Determine m(6).
4
Suppose -213*k - 128 = -197*k. Let h(o) = -5*o - 45. Give h(k).
-5
Let a(d) be the first derivative of -2*d**3/3 + 14*d**2 - d - 690. Calculate a(12).
47
Let m(h) be the third derivative of h**5/60 - h**3 + 1065*h**2. Give m(7).
43
Let d(v) = v**3 + 4*v**2 - 5*v - 2. Let z be (-2)/8 + 38/(-8). Let q(s) = 3*s**3 + 7*s**2 - 10*s - 3. Let r(c) = z*d(c) + 2*q(c). What is r(5)?
4
Let m(y) = 2*y**3 + 15*y**2 + 10*y + 8. Let h = -11200 - -11193. Determine m(h).
-13
Suppose -15*o = -4*i - 13*o - 32, 5*o = 3*i + 38. Let h(g) = g**2 + 4*g - 9. Give h(i).
3
Let g(w) = -w**2 + 10*w - 8. Suppose 24*a + 3 = -21. Let x be (-14)/(-77) + (a - (-344)/44). Calculate g(x).
13
Let n(j) = 3*j**2 + j. Suppose 3*z - 7 = -4*s, 5*s = s + 4*z. Let r(a) be the third derivative of a**4/24 - a**3/3 - 8*a**2 - 8. Let h be r(s). Calculat